39 = -t. What is the units digit of t?
0
Suppose -3*o - 2*q + 12 = -o, -12 = -3*q. Suppose -12 = -o*u - 0*u. What is the units digit of u?
6
What is the units digit of (-386)/(-14) + 32/(-56)?
7
Let j(h) = -2*h**3 + 2*h**2 - h. Let q be j(1). Let i(x) = 4*x**2 + 1. What is the units digit of i(q)?
5
Let p(i) = i**3 - 5*i**2 + 5*i - 4. Let v be p(4). Suppose v = -3*s - l + 41, l - 3 = -s + 8. What is the tens digit of s?
1
Let p be (-68)/(-6) + 4/6. Suppose -16 - p = -4*x. Let h = -5 + x. What is the units digit of h?
2
Let j(q) = q**2 + 7 - q + 2*q + 5*q. Let s be j(-5). Suppose -2*o = -2*l + 12, -s*o - 27 = -2*l - 3*l. What is the units digit of l?
5
What is the units digit of (2/(-5))/(31/(-8215))?
6
Suppose -3*a + 40 = -116. What is the units digit of a?
2
Let d be (0 - -2)/((-1)/1). Let a = d + 6. Suppose 3*i = -i + a. What is the units digit of i?
1
Let b(x) = 4*x + 3 + 0 + 2*x**2 - 1. What is the units digit of b(-2)?
2
What is the units digit of 24 - ((-10)/2 - -4)?
5
Suppose 0 = -2*h + 2*u + 8 + 10, 3*h = -5*u - 13. Suppose 43 = g + h*l - 2, 0 = g + l - 30. What is the units digit of g?
5
Suppose -5*v = -v. Suppose v = -4*f + 51 - 15. What is the units digit of f?
9
Suppose -3*q - 4*n + 12 = 0, -n = 6*q - 3*q - 21. Suppose -4*i - 8 = -q*i. What is the units digit of i?
2
Let h be 3/(9/(-15)) + 2. Let q(n) = n**2 - 6*n - 3. Let y be q(4). Let j = h - y. What is the units digit of j?
8
Let n = 24 - -78. What is the units digit of n?
2
Let y = 7 - -185. What is the hundreds digit of y?
1
Suppose -8 - 16 = -3*o. Let x(l) = 8*l - 7. Let m be x(o). Let c = m + -41. What is the tens digit of c?
1
Let a(m) = -m + 38. What is the units digit of a(17)?
1
What is the units digit of (-6)/(-10) + 16*(-95)/(-50)?
1
Let a = 19 - 17. Let r(f) = 13*f + 2. What is the units digit of r(a)?
8
Suppose 2*n - 3*n = 14. Let k = 38 + n. What is the tens digit of k?
2
Let v(o) = -6*o - 3. Let y be v(6). Let b = -28 - y. What is the tens digit of b?
1
Let a(d) = -d**3 - d**2 - 3*d. Let h be a(-4). What is the units digit of (h/35)/(4/14)?
6
Let h(r) = r**3 - 8*r**2 + 2*r - 5. Let b be h(8). Suppose -b = -3*p + 13. What is the units digit of p?
8
Let y be ((-4)/(-10))/(8/(-40)). What is the units digit of 7/5 - y/(-5)?
1
Suppose 4*q = -4*d + 80, 2*q + 101 = 6*q - 3*d. What is the tens digit of q?
2
Suppose 12 = -4*k - 60. Let s be (-16)/2*(-5)/(-10). What is the units digit of k/4*s/3?
6
Let b = 2 + -3. Let l be 4 + 5/b + 3. What is the units digit of l*((-2)/(-2) - -1)?
4
Suppose 0*d = 4*d + 32. Let t = -3 - d. What is the units digit of t?
5
Suppose x - 103 = -2*x + c, -4*c - 97 = -3*x. What is the units digit of x?
5
Let c = 9 - 6. Let v be (1 - 0/(-4)) + -3. Let z = c - v. What is the units digit of z?
5
Let p(t) = -t**3 - 12*t**2 - 5*t - 3. Let j be p(-12). Let k = j + -41. What is the tens digit of k?
1
Suppose -4*v = -v. Suppose v - 12 = -w. What is the units digit of w?
2
Suppose -2*h - 692 = 2*h + v, 680 = -4*h + 2*v. What is the units digit of h/(-8) + 3/6?
2
Suppose 5*n - 79 + 9 = 0. What is the units digit of n?
4
Let u(q) = -8*q**3 + 2*q**2 + q. Let k be (-4)/5 - 1/5. What is the units digit of u(k)?
9
Let w = 405 + -126. What is the units digit of w?
9
Suppose p + 16 = 2*r - r, 5*r + 3*p - 80 = 0. Suppose 0*z + 2*h + 48 = 3*z, -2*h = -z + r. What is the tens digit of z?
1
Suppose -3*n + 30 = f, -3*f + 4*n + 23 + 41 = 0. What is the tens digit of f?
2
Let r be (-3 + 2)/(1/(-4)). Suppose -2*m = 5*c - r - 1, -4 = -4*c. What is the units digit of 1 + -3 + m + 3?
1
Let i(u) = u. Let f(l) = 4*l - 10. Let o(v) = -f(v) + 5*i(v). Let j be o(-7). Let x = j + -2. What is the units digit of x?
1
Let y(t) = t**3 - 2*t**2 + 2*t - 2. Suppose 4*r - 29 = -3*i, 3*r + 5*i = -2*r + 40. Suppose -2 = v + f - 1, -4*f - 22 = -r*v. What is the units digit of y(v)?
2
Let z(p) = -10*p**2 - 1. Let f be z(2). Let q = 80 + f. What is the tens digit of q?
3
Let b(s) = -s + 2. Suppose -3*g - 2*z - 12 = -0*z, -4*g - 4*z - 20 = 0. What is the units digit of b(g)?
4
Let p be (2 - (-15)/(-6))*0. Suppose 5*s + 25 = 0, -s - 9 = -l - p*l. Let h = 8 - l. What is the units digit of h?
4
Suppose -3*h + m = 34, -5*h + 4*m - 20 - 32 = 0. Let g = h + 13. What is the units digit of g?
1
What is the tens digit of 3/18 + (-467)/(-6)?
7
Let v = 4 + -4. Suppose 0*k - 2*k + 3*r = 19, 5*k - 5*r + 35 = v. What is the units digit of 6/4*k/(-3)?
1
Suppose -2*i + 0*i = -10. Let f = 16 - i. What is the tens digit of f?
1
Suppose -4*p - 75 = -9*p. Suppose -u + 5 = p. Let v = -7 - u. What is the units digit of v?
3
What is the tens digit of 234/5 - (-11)/55?
4
What is the tens digit of 6/4 - (-508)/8?
6
Let s = 21 + -41. Let z be 6/(-5)*s/6. Let x = z - 3. What is the units digit of x?
1
Let y be -1 + (2 - (0 - -2)). Let t be 0 + (-2 - -5) + y. What is the units digit of (-1 + -1)/(t/(-7))?
7
Suppose -4*r - r = -75. What is the tens digit of r?
1
What is the tens digit of (-956)/(-10) - (90/25 - 4)?
9
Suppose 0 = -23*x + 21*x + 228. What is the hundreds digit of x?
1
Let z = -7 - -70. What is the units digit of z?
3
Let w = -33 + 64. Let t = 30 + -8. Let u = w - t. What is the units digit of u?
9
What is the tens digit of -4 + -1*(4/1 - 153)?
4
Let k(n) = 2*n + 7. What is the tens digit of k(6)?
1
Let a = -308 - -513. What is the tens digit of a?
0
Let m(x) be the first derivative of x**4/4 - x**3/3 + 11*x + 7. Let p(r) = r**3 - 3*r**2 + r + 2. Let t be p(2). What is the tens digit of m(t)?
1
Let w = -5 + 9. Suppose 5*m + p + w*p - 90 = 0, -5*p + 34 = m. What is the units digit of m?
4
Let k(r) = r**3 - 2*r**2 + 7*r - 7. What is the tens digit of k(4)?
5
Let w = -11 - -13. What is the units digit of w?
2
Let r = 44 + -17. What is the units digit of r?
7
Let g = 1 - -1. Suppose -26 = -g*i - 2. What is the tens digit of i?
1
Let p = 37 + -22. Suppose 5*l - 50 = p. What is the units digit of l?
3
Let f = -42 - -107. Let i = f - 45. What is the units digit of i?
0
Let b(m) be the second derivative of -m**3/6 + 5*m**2/2 - 3*m. Let h be b(5). What is the tens digit of 3 + h + 6 + 1?
1
Suppose 16 = 3*n - n. Let d = 5 - -1. Let l = n - d. What is the units digit of l?
2
Let n(v) = 5*v + 3. Let c(z) = z. Let l(f) = 4*c(f) - n(f). What is the units digit of l(-11)?
8
Let v(b) = b**3 + b**2 + 4. Let m be v(0). Suppose 2*j = k + m, 0*k = -5*j + 4*k + 7. What is the units digit of j?
3
Let p = 82 - 37. What is the units digit of p?
5
Suppose -p + 2*d + 1 = 0, -25 = -0*p - 5*p + 5*d. Suppose 2*z - p + 1 = 0. Suppose f - 5*r - 8 = 3, 4 = -z*r. What is the units digit of f?
6
Suppose -n + 57 = x, -x = 2*x - n - 163. What is the tens digit of x?
5
Suppose 0 = -2*m - 5*z + 42, -2*m - z = -3*m + 14. Suppose -f - m = -0. What is the units digit of ((-108)/(-16))/((-6)/f)?
8
What is the tens digit of 81 - -14 - 3*1?
9
Let u(x) = -3*x**3 - 14*x**2 - 13*x - 3. What is the units digit of u(-5)?
7
Let q = -4 + 7. Suppose 0*k + 5*k = -f + 12, 3*k = q*f + 18. Suppose -15 = -k*i, g + 0*g - 2*i + 9 = 0. What is the units digit of g?
1
Let o(v) = 5*v + 2. Let n = -5 + 7. Let i be o(n). Suppose 3*q = -i, 9*q = -a + 4*q - 19. What is the units digit of a?
1
Let h(s) = s - 3. Let w be h(3). Let z be (-1 - (-3 - -2)) + w. What is the units digit of 24/2 + (z - 3)?
9
Let k = 150 + -57. What is the tens digit of k?
9
Suppose -3*b - 143 + 410 = 2*q, 0 = -2*q + b + 247. What is the units digit of q?
6
Let k(l) = 7*l**2 + l + l + 1 + 0. What is the units digit of k(-1)?
6
Let i = 15 + -26. Let f(h) = -h**3 + 3*h**2 - 8*h - 2. Let p(u) = -5*u**3 + 14*u**2 - 41*u - 11. Let t(q) = i*f(q) + 2*p(q). What is the units digit of t(4)?
8
Let y(q) = 1 + 1 + q + 4 - 1. What is the units digit of y(-4)?
1
Let j = 15 - 9. Let u = -4 + j. Suppose u*i + i = 9. What is the units digit of i?
3
Let r = 48 + -16. What is the units digit of r?
2
Suppose 0 = -4*h + 2*j + 22, 0*h - 5*h + 50 = 2*j. Let n(r) = -7 - h*r - 3*r**2 + 3*r**3 - 4*r**2 - 4*r**3. What is the units digit of n(-6)?
5
Suppose -x + 4*b = -15, -b - 4*b = -2*x + 24. Let c be (-11)/(-1) + -6 + x. Suppose 4*d + c = 0, -o - 4*d + 3*d + 5 = 0. What is the units digit of o?
8
Suppose -7*h = -5*h - 68. What is the units digit of h?
4
Let q = -4 - -3. Let b be (18/(-10))/(q/5). What is the units digit